inder when 2441 is divided by 12.
5
What is the remainder when 500 is divided by 53?
23
What is the remainder when 475 is divided by 34?
33
What is the remainder when 6 is divided by 1?
0
Calculate the remainder when 822 is divided by 22.
8
What is the remainder when 487 is divided by 31?
22
Calculate the remainder when 910 is divided by 159.
115
What is the remainder when 322 is divided by 109?
104
What is the remainder when 1817 is divided by 91?
88
Calculate the remainder when 459 is divided by 28.
11
What is the remainder when 10424 is divided by 12?
8
What is the remainder when 1718 is divided by 858?
2
What is the remainder when 201 is divided by 64?
9
Calculate the remainder when 89 is divided by 19.
13
Calculate the remainder when 6218 is divided by 5.
3
Calculate the remainder when 104 is divided by 61.
43
What is the remainder when 3047 is divided by 8?
7
Calculate the remainder when 86 is divided by 23.
17
What is the remainder when 272 is divided by 13?
12
What is the remainder when 211 is divided by 6?
1
Calculate the remainder when 479 is divided by 156.
11
What is the remainder when 20431 is divided by 17?
14
Calculate the remainder when 917 is divided by 84.
77
What is the remainder when 761 is divided by 191?
188
Calculate the remainder when 533 is divided by 54.
47
Calculate the remainder when 2466 is divided by 44.
2
What is the remainder when 1860 is divided by 133?
131
Calculate the remainder when 352 is divided by 113.
13
What is the remainder when 271 is divided by 31?
23
What is the remainder when 2207 is divided by 23?
22
What is the remainder when 6271 is divided by 34?
15
Calculate the remainder when 222 is divided by 32.
30
What is the remainder when 151 is divided by 51?
49
Calculate the remainder when 33 is divided by 10.
3
Calculate the remainder when 4270 is divided by 267.
265
Calculate the remainder when 82 is divided by 49.
33
What is the remainder when 1046 is divided by 131?
129
What is the remainder when 62097 is divided by 450?
447
Calculate the remainder when 3836 is divided by 19.
17
Calculate the remainder when 540 is divided by 21.
15
Calculate the remainder when 331 is divided by 28.
23
Calculate the remainder when 803 is divided by 255.
38
What is the remainder when 83 is divided by 3?
2
What is the remainder when 4513 is divided by 250?
13
Calculate the remainder when 3191 is divided by 114.
113
What is the remainder when 74 is divided by 11?
8
Calculate the remainder when 203 is divided by 34.
33
Calculate the remainder when 3033 is divided by 34.
7
Calculate the remainder when 381 is divided by 79.
65
Calculate the remainder when 441 is divided by 153.
135
What is the remainder when 1459 is divided by 298?
267
Calculate the remainder when 5605 is divided by 9.
7
Calculate the remainder when 43 is divided by 3.
1
Calculate the remainder when 370 is divided by 105.
55
What is the remainder when 3833 is divided by 142?
141
What is the remainder when 636 is divided by 53?
0
What is the remainder when 13 is divided by 6?
1
What is the remainder when 26356 is divided by 138?
136
Calculate the remainder when 99 is divided by 44.
11
What is the remainder when 271 is divided by 87?
10
What is the remainder when 1262 is divided by 68?
38
What is the remainder when 16322 is divided by 5438?
8
What is the remainder when 6291 is divided by 21?
12
Calculate the remainder when 1216 is divided by 18.
10
What is the remainder when 14325 is divided by 199?
196
What is the remainder when 8991 is divided by 8?
7
What is the remainder when 354 is divided by 175?
4
Calculate the remainder when 343 is divided by 29.
24
Calculate the remainder when 1329 is divided by 23.
18
Calculate the remainder when 584 is divided by 102.
74
Calculate the remainder when 2713 is divided by 1354.
5
Calculate the remainder when 541 is divided by 83.
43
What is the remainder when 698 is divided by 152?
90
Calculate the remainder when 442 is divided by 140.
22
What is the remainder when 2914 is divided by 43?
33
Calculate the remainder when 135 is divided by 47.
41
Calculate the remainder when 2442 is divided by 48.
42
Calculate the remainder when 10 is divided by 1.
0
What is the remainder when 410 is divided by 107?
89
Calculate the remainder when 79 is divided by 20.
19
Calculate the remainder when 348 is divided by 25.
23
Calculate the remainder when 44 is divided by 28.
16
Calculate the remainder when 148 is divided by 131.
17
Calculate the remainder when 978 is divided by 231.
54
What is the remainder when 1207 is divided by 23?
11
What is the remainder when 555 is divided by 139?
138
What is the remainder when 403 is divided by 29?
26
Calculate the remainder when 1980 is divided by 7.
6
What is the remainder when 243 is divided by 18?
9
What is the remainder when 539 is divided by 496?
43
What is the remainder when 6227 is divided by 328?
323
What is the remainder when 78 is divided by 12?
6
Calculate the remainder when 52 is divided by 35.
17
What is the remainder when 230 is divided by 44?
10
What is the remainder when 204 is divided by 103?
101
Calculate the remainder when 68 is divided by 4.
0
What is the remainder when 31 is divided by 11?
9
Calculate the remainder when 566 is divided by 117.
98
Calculate the remainder when 122 is divided by 18.
14
What is the remainder when 8084 is divided by 1613?
19
What is the remainder when 61401 is divided by 34?
31
Calculate the remainder when 7277 is divided by 29.
27
What is the remainder when 148 is divided by 41?
25
Calculate the remainder when 239 is divided by 63.
50
Calculate the remainder when 163 is divided by 63.
37
What is the remainder when 860 is divided by 430?
0
What is the remainder when 870 is divided by 35?
30
Calculate the remainder when 104 is divided by 9.
5
Calculate the remainder when 1459 is divided by 711.
37
Calculate the remainder when 54 is divided by 36.
18
Calculate the remainder when 40 is divided by 12.
4
What is the remainder when 841 is divided by 212?
205
Calculate the remainder when 30 is divided by 3.
0
What is the remainder when 117 is divided by 29?
1
Calculate the remainder when 88 is divided by 6.
4
Calculate the remainder when 1845 is divided by 51.
9
Calculate the remainder when 912 is divided by 95.
57
What is the remainder when 3372 is divided by 11?
6
What is the remainder when 1212 is divided by 81?
78
What is the remainder when 388 is divided by 16?
4
Calculate the remainder when 245 is divided by 56.
21
What is the remainder when 1058 is divided by 135?
113
What is the remainder when 593 is divided by 27?
26
Calculate the remainder when 45 is divided by 39.
6
What is the remainder when 1979 is divided by 99?
98
Calculate the remainder when 443 is divided by 56.
51
What is the remainder when 5910 is divided by 81?
78
What is the remainder when 701 is divided by 39?
38
Calculate the remainder when 3338 is divided by 4.
2
Calculate the remainder when 95 is divided by 20.
15
Calculate the remainder when 286 is divided by 77.
55
What is the remainder when 90 is divided by 3?
0
Calculate the remainder when 226 is divided by 214.
12
Calculate the remainder when 11054 is divided by 33.
32
Calculate the remainder when 34 is divided by 33.
1
Calculate the remainder when 128 is divided by 6.
2
Calculate the remainder when 55 is divided by 33.
22
Calculate the remainder when 1497 is divided by 737.
23
Calculate the remainder when 201 is divided by 193.
8
Calculate the remainder when 811 is divided by 18.
1
What is the remainder when 84 is divided by 24?
12
What is the remainder when 1145 is divided by 6?
5
Calculate the remainder when 25270 is divided by 9.
7
Calculate the remainder when 689 is divided by 15.
14
Calculate the remainder when 91 is divided by 35.
21
What is the remainder when 2772 is divided by 69?
12
What is the remainder when 611 is divided by 36?
35
What is the remainder when 1914 is divided by 195?
159
Calculate the remainder when 326 is divided by 85.
71
Calculate the remainder when 60 is divided by 36.
24
Calculate the remainder when 46 is divided by 27.
19
Calculate the remainder when 127 is divided by 43.
41
What is the remainder when 316 is divided by 103?
7
Calculate the remainder when 16574 is divided by 6.
2
What is th